h(7). Let o be k(n). Determine r(o).
6
Let v = 5 - 3. Let d(w) = w**2 - 2*w - 1 - 3*w - 9*w**3 + 3*w - 3*w**v. Let j(i) = 2*i - 19. Let f be j(9). Give d(f).
8
Let d(k) = -k**2 + 8*k - 49. Let t(c) = c**2 - 7*c + 40. Let a(g) = 3*d(g) + 4*t(g). What is a(3)?
10
Let f(x) = 8*x**2 - 29*x - 15. Let u(a) = -7*a**2 + 28*a + 15. Let h(n) = 6*f(n) + 7*u(n). What is h(22)?
15
Let x = -24623 - -24625. Let h(y) = 3*y**3 - 5*y**2 - 3*y + 3. Determine h(x).
1
Let y = -77 + 82. Let c(f) = y*f**3 + f + 7 + f**3 - 7*f**2 + 4*f - 5*f**3. Give c(6).
1
Let r(f) = 7*f - 843. Let x(d) = 15*d - 1827. Let v(t) = 13*r(t) - 6*x(t). Calculate v(11).
14
Suppose 46*q - 158*q = 336. Let z(r) = -27*r - 76. Calculate z(q).
5
Let w(f) = f**3 - 4*f**2 - 3*f - 2. Suppose 0 = -5*u + 4*c + 419, -4*c + 85 = u - 6*c. Let t = 90 - u. Let s be (-3 - (t - 0))/(2*-1). Determine w(s).
8
Let q be 49/5 + 67/335. Let u(a) = -a**3 + 8*a**2 + 18*a + 12. Calculate u(q).
-8
Suppose 5*q - 825 = -5*z, -z + 2*q + 167 = 4*q. Suppose 0 = -7*j - 9 + z. Suppose 3*b = 5*h + j, 2*b - 16 = -2*b. Let o(k) = -k**3 - k + 1. Calculate o(h).
11
Let o be (1/3)/(4 + 2/(-36) - 4). Let v(g) be the first derivative of -g**3/3 - 9*g**2/2 - 3*g + 13. Calculate v(o).
15
Let o = -3470 + 3479. Let t(u) = u**3 - 9*u**2 + 5*u - 8. What is t(o)?
37
Suppose 0 = 3*h - 4*h. Let y be 6 + (-15)/(-9)*-3. Let v(z) = y + 0 - 3 - z + h*z. Calculate v(0).
-2
Let a(p) = -14*p + 1. Suppose -7 = 2*b + 3*k, 41 = -2*b - 2*b + 3*k. Let j = b - -10. Suppose -j = d - 1. Give a(d).
15
Let u(c) = 5*c**3 - 2*c**2 - c + 81. Let v(o) = -16*o**3 + 7*o**2 + o - 286. Let w(k) = -7*u(k) - 2*v(k). What is w(-1)?
3
Let y(j) be the first derivative of -19*j - 17/3*j**3 - 56 - 17/2*j**2 + 1/4*j**4. Calculate y(18).
-1
Let a be (216/(-252))/(3/105). Let d(i) = -5*i - 147. Determine d(a).
3
Let f(a) = -a**3 + 13*a**2 - 38*a + 10. Suppose -3*g = -2*z - 18, -3*g + 1147*z - 1148*z + 36 = 0. What is f(g)?
-70
Let j(i) = i**3 + 28*i**2 - 29*i + 19. Let x be j(-29). Suppose x*w - 10*w = 18. Let n(u) = -1 - 7*u**2 - u**2 + u**3 - u + 6*u**2. Calculate n(w).
-3
Suppose 556*d + 222 = 593*d. Suppose 0 = -5*j - 3*f - 2, f + 14 = 3*j + 2*j. Let b(o) = -3*o**j + 3*o + o**3 + 8 - 4*o**2 + 2*o. Calculate b(d).
2
Let g = -284 - -317. Let x(h) = 70 + h - 36 - g. Determine x(-5).
-4
Let p(j) be the third derivative of 1/120*j**6 - 1/10*j**5 + 0*j**3 + 1/4*j**4 - 15*j**2 + 0*j - 3. Calculate p(4).
-8
Let t(z) = -z - 1. Let q = 3 - 7. Let w(k) be the third derivative of -k**4/24 + 4*k**2 - 54*k. Let g(x) = q*w(x) - t(x). Give g(-1).
-4
Let t(c) = -10*c**3 + 68*c**2 + 13*c + 20. Let j be t(7). Let u(y) = -5*y + 77. What is u(j)?
12
Let h(o) = o + 3. Let t = -5392 - -5375. Determine h(t).
-14
Let g(v) be the second derivative of v**4/12 + 5*v**3/6 - v**2/2 - 7*v + 199. Suppose 0 = -5*s + s - 16. Give g(s).
-5
Let s be 2*42/1302 + (-153)/(-31). Let f(z) = -76*z + 375. Calculate f(s).
-5
Let y(j) be the second derivative of j**5/60 + j**4/24 + j**3/3 + 141*j**2/2 - j - 34. Let a(g) be the first derivative of y(g). What is a(2)?
8
Let o(f) = 13*f**2 - 3*f + 1. Let g = -20 + 14. Let a(m) = -28*m**2 + 7*m - 3. Let r(n) = g*a(n) - 13*o(n). What is r(0)?
5
Suppose -5 = 9*z + 4. Let j be 4*z + 11 + (-12)/12. Let s(x) = -2*x**2 + 10*x - 8. Calculate s(j).
-20
Suppose -5*o - 2082 - 823 = 0. Let b = o + 586. Let k(j) be the first derivative of -j**2/2 + 8*j + 1. Calculate k(b).
3
Let a = -25075 - -25079. Let h(c) = c + 9. Let z(d) = d + 13. Let r(g) = 7*h(g) - 5*z(g). Calculate r(a).
6
Let h = -375 - -398. Let u(w) = -h + w - 4*w**2 - 27 + 58 + 3*w**2. What is u(4)?
-4
Let p(a) be the first derivative of a**2/2 - 84*a + 4325. Determine p(27).
-57
Let d(s) = 2*s + 41. Let r(x) = -4. Let p(a) = -d(a) - 2*r(a). Give p(-7).
-19
Let z(d) = -d**2 - 6*d + 6. Let j(y) = 3*y - 11. Let a be j(6). Let r be (6/a)/((-3)/21 - 0). Give z(r).
6
Let r(i) = 2*i**3 + 3*i**2 + 3*i + 3. Let j be r(-2). Let l(n) be the second derivative of 1/2*n**2 + n - 4/3*n**3 - 1/12*n**4 - 49. What is l(j)?
8
Let q(a) = 5*a**2 - 6*a - 2. Let s(p) be the first derivative of -p**3/3 + p - 144. Let g(m) = -q(m) - 6*s(m). What is g(-6)?
-4
Let p(x) = x**2 + 55*x + 2. Let i be ((-693)/(-12)*108/378)/((-3)/10). Calculate p(i).
2
Let r(t) = t**2 - t + 4. Suppose -2*g = c - 11, 5*c = 4*g + 8*c - 27. Suppose 0 = -g*p - 3 + 12. What is r(p)?
10
Let i(u) = -2*u - 12. Let a = 2150 - 2145. What is i(a)?
-22
Let d(b) = 8*b - 93. Let q be d(11). Let j be (-8)/6 + 3*q/(-45). Let i(s) = -s**3 - s**2 + 1. Determine i(j).
1
Let d = 59 + -120. Let s = -61 - d. Suppose s = -5*r - 7 - 3. Let h(p) = -p**3 - 3*p**2 - 2*p - 1. Determine h(r).
-1
Let p(y) be the second derivative of -15/2*y**2 + 1/2*y**3 + 0 + 29*y. Let j be p(7). Let v(h) = 2*h - 4. What is v(j)?
8
Let v(p) = 146*p - 847. Let x be v(6). Let o(c) = 2*c - 62. Calculate o(x).
-4
Let d(o) = 3*o - 12. Let r be -1*(-6 + -1) - 0. Suppose -r*u + 19 = -16. Determine d(u).
3
Let u(z) = -z**3 + 6*z**2 - 5. Let k(n) = -n**3 - 3*n**2 + 3*n. Let b be k(-4). Suppose -4*p + 24 = b*h, 4*p + 13 - 37 = 3*h. Determine u(p).
-5
Let l(a) = -4*a**2 - a**3 - 2*a - 7*a + 11*a + 2. Let y(h) = h**2 - 9*h + 14. Let s be y(6). Let z be 988/(-234) + s/(-18). Calculate l(z).
-6
Let j(g) = 2*g + 388. Let q(w) = 11*w + 1807. Let p(m) = 14*j(m) - 3*q(m). Determine p(-6).
41
Let j(h) = -55*h + 267. Let p be j(5). Let y(b) = 7 + 1 + b + 5. Give y(p).
5
Let z(n) = n**3 + 2*n**2 + 3*n - 4. Let w(y) be the first derivative of y**4/4 + y**3/3 + 35. Suppose 0*s = s + 2. Let l(a) = s*w(a) + z(a). Determine l(-3).
14
Suppose 65*h + 4*b = 70*h + 22, -4*h + 2*b - 20 = 0. Let m(n) = 1. Let p(a) = a**2 + 8*a - 3. Let z be (-2)/1 + 0 + -1. Let w(s) = z*m(s) - p(s). What is w(h)?
12
Let y(p) = -p**3 + 9*p**2 - 6*p - 5. Suppose -902 = -89*b - 92*b + 184. What is y(b)?
67
Suppose -5*k = -k - 28. Let w(i) be the third derivative of -i**4/24 + i**3/6 - i**2 + 107*i. Give w(k).
-6
Let i = -10 + 16. Let d(m) be the third derivative of 0 - 5/6*m**3 + 1/60*m**5 - 55*m**2 - 1/4*m**4 - m. Calculate d(i).
-5
Let r(x) = 2*x**2 + 3*x + 15. Let i = 7640 + -7640. Calculate r(i).
15
Let u(z) = -z**3 - 3*z**2 + 2*z + 8. Let g = 341 + -342. Let h(r) = 4*r**3 + r**2 - 21*r - 22. Let k be h(g). Give u(k).
16
Let b(v) = v + 61968 + 61965 - 123935 + 10*v**2. What is b(1)?
9
Let l(w) = -19*w - 8. Let r(g) = 51*g + 24. Suppose -7*p - 4 + 25 = 0. Let f(z) = p*r(z) + 8*l(z). Determine f(-4).
4
Let x be 26/(-26) - 3/(3/(-8)). Let z(v) = v**2 - 8*v + 9. Let f be z(x). Let i(d) = 2*d**3 + 0*d - f - 3*d + 3*d**2 - d**3. Calculate i(-2).
8
Let l(t) = -t + 9. Let u be 4/((-32)/(-36))*70/105. Give l(u).
6
Suppose 63*m - 159*m = 152*m + 3224. Let u(j) = -j**2 - 15*j + 3. Calculate u(m).
29
Let d = -177 - -181. Suppose -43 = -5*z - 4*l, -5*z + d*l - 2*l = -31. Let i(u) = -2*u**3 + 15*u**2 - 4*u - 15. Determine i(z).
6
Suppose -103 = 16*t - 7. Let c(k) = k**3 + 5*k**2 - 7*k - 1. Give c(t).
5
Let w(n) = -4*n**2 - 15*n + 6. Let t be ((30/4)/(-1))/(((-1800)/48)/(-25)). What is w(t)?
-19
Let l(m) = 5*m**2 + 46*m + 13. Let y = -1773 - -1764. Give l(y).
4
Let m(n) = -6 - 15*n - 32 + 34 + 10*n**2 - n**3. Calculate m(8).
4
Let p(s) = -6*s + 7. Let x(g) = -4*g + 5. Let r(v) = 5*p(v) - 6*x(v). Give r(6).
-31
Let d(y) = y**3 - y**2 - y. Let m(s) = 6*s**3 - 10*s**2 - 3*s + 3. Let j(o) = 5*d(o) - m(o). Let z be (-9 + 111/(-72)*-6)/((-2)/(-40)). What is j(z)?
-13
Suppose 4*w = -4*d + 2*w + 16, 0 = -4*d + w + 22. Suppose -8 = 2*q + 3*m + 7, 0 = d*m + 25. Suppose q = 35*a - 30*a. Let c(b) = b - 6. Give c(a).
-6
Suppose -3*u = -3*j + 12, -7*u + 3*u + 20 = 5*j. Suppose j*a + 2 + 0 = 2*r, r + 2*a - 21 = 0. Let k(z) = -9 + 9 + r*z. Calculate k(1).
11
Let v be 5/(-10)*(0 - 4). Let z(u) = -22*u - 55*u**v + 32*u - 6 + 54*u**2. Determine z(8).
10
Let n = -1222 + 1219. Let a(p) = -3*p**2 - 2*p - 1. Give a(n).
-22
Let v = -4 + 8. Suppose -5*a = 2*m - v, 0*a + 3*m + 3 = -3*a. Let t(i) = -1 - 8*i + 12*i - 8*i. Give t(a).
-9
Let y be (-1)/(((-4)/6)/2). Let s(l) = -27*l + 3216. Let f(c) = 4*c - 536. Let h(d) = -6*f(d) - s(d). Determine h(y).
9
Let d = 18 + 2. Suppose 5*t = -v - 1 + 6, -5*t - d = -4*v. Let o(w) = -11*w - 21. Let j(s) = 4*s + 7. Let y(b) = 8*j(b) + 3*o(b). Give y(t).
-